{"id":64,"date":"2018-11-22T09:33:00","date_gmt":"2018-11-22T11:33:00","guid":{"rendered":"http:\/\/localhost\/wizsyst\/?page_id=64"},"modified":"2018-11-22T09:33:00","modified_gmt":"2018-11-22T11:33:00","slug":"sobre","status":"publish","type":"page","link":"https:\/\/wizsyst.com\/index.php\/sobre\/","title":{"rendered":"Sobre"},"content":{"rendered":"\n<h2>A Wiz Systems<\/h2>\n\n\n\n<p>\u00c9 atrav\u00e9s do empenho e dedica\u00e7\u00e3o de sua equipe de profissionais altamente qualificados, distribu\u00eddos por todo o Brasil, que a\u00a0Wiz Systems\u00a0encontra-se h\u00e1 quinze anos no mercado, sempre buscando atingir novas metas e colaborar com o desenvolvimento de nosso pa\u00ed\u00ads. Para tanto, conta com modernas instala\u00e7\u00f5es, situadas na regi\u00e3o Sudeste\u00a0(S\u00e3o Paulo\/ SP) e Sul (Porto Alegre\/RS). Atrav\u00e9s de sua infra-estrutura, \u00e9 poss\u00edvel disponibilizar um atendimento completo e personalizado a seus clientes, com o objetivo de atender plenamente \u00e0s suas necessidades: sua prioridade como empresa prestadora de servi\u00e7os.<\/p>\n\n\n\n<h2>Qualidade<\/h2>\n\n\n\n<p>As Solu\u00e7\u00f5es&nbsp;Wiz Systems&nbsp;foram projetadas a partir do modelo corporativo de dados para a&nbsp;Administra\u00e7\u00e3o P\u00fablica e Banco de Dados Relacional, com tecnologia&nbsp;Java para clientes Desktop e Web, em m\u00faltiplas camadas. Acompanhando as tecnologias emergentes e atentos \u00e0s necessidades dos nossos clientes, reescrevemos nossos Aplicativos e, j\u00e1 em 2001, as solu\u00e7\u00f5es WIZ, podem acessar quaisquer Bancos de Dados livres como o MySql e o PostGres, e propriet\u00e1rios como o Oracle, o Sybase, o SQL Server, o Open Ingress e o DB2, entre outros.<\/p>\n\n\n\n<hr class=\"wp-block-separator\"\/>\n\n\n\n<p>Visando manter os mais altos padr\u00f5es de atendimento e a total qualidade nos servi\u00e7os prestados, a WIZ SYSTEMS atualizou seu laborat\u00f3rio, disponibilizando equipamentos adequados para a simula\u00e7\u00e3o do ambiente de trabalho de seus clientes, em todas as plataformas, viabilizando um Tele-Suporte \u00e1gil e preciso. Desenvolvemos e utilizamos diversas ferramentas de produtividade, principalmente Geradores, que facilitam a implementa\u00e7\u00e3o de sistemas para estes ambientes e linguagens.<\/p>\n","protected":false},"excerpt":{"rendered":"<p>A Wiz Systems \u00c9 atrav\u00e9s do empenho e dedica\u00e7\u00e3o de sua equipe de profissionais altamente qualificados, distribu\u00eddos por todo o Brasil, que a\u00a0Wiz Systems\u00a0encontra-se h\u00e1 quinze anos no mercado, sempre buscando atingir novas metas e colaborar com o desenvolvimento de nosso pa\u00ed\u00ads. Para tanto, conta com modernas instala\u00e7\u00f5es, situadas na regi\u00e3o Sudeste\u00a0(S\u00e3o Paulo\/ SP) e [&hellip;]<\/p>\n","protected":false},"author":1,"featured_media":0,"parent":0,"menu_order":0,"comment_status":"closed","ping_status":"closed","template":"index.php","meta":[],"acf":[],"_links":{"self":[{"href":"https:\/\/wizsyst.com\/index.php\/wp-json\/wp\/v2\/pages\/64"}],"collection":[{"href":"https:\/\/wizsyst.com\/index.php\/wp-json\/wp\/v2\/pages"}],"about":[{"href":"https:\/\/wizsyst.com\/index.php\/wp-json\/wp\/v2\/types\/page"}],"author":[{"embeddable":true,"href":"https:\/\/wizsyst.com\/index.php\/wp-json\/wp\/v2\/users\/1"}],"replies":[{"embeddable":true,"href":"https:\/\/wizsyst.com\/index.php\/wp-json\/wp\/v2\/comments?post=64"}],"version-history":[{"count":0,"href":"https:\/\/wizsyst.com\/index.php\/wp-json\/wp\/v2\/pages\/64\/revisions"}],"wp:attachment":[{"href":"https:\/\/wizsyst.com\/index.php\/wp-json\/wp\/v2\/media?parent=64"}],"curies":[{"name":"wp","href":"https:\/\/api.w.org\/{rel}","templated":true}]}}